{"id":3726,"date":"2023-01-05T14:50:48","date_gmt":"2023-01-05T14:50:48","guid":{"rendered":"https:\/\/inteligencialegal.ec\/web\/?page_id=3726"},"modified":"2023-01-17T23:26:42","modified_gmt":"2023-01-17T23:26:42","slug":"monica-elizabeth-lopez-perugachi","status":"publish","type":"page","link":"https:\/\/inteligencialegal.ec\/web\/monica-elizabeth-lopez-perugachi\/","title":{"rendered":"M\u00d3NICA ELIZABETH L\u00d3PEZ PERUGACHI"},"content":{"rendered":"<p><img loading=\"lazy\" decoding=\"async\" class=\"alignnone wp-image-3776 size-full\" src=\"https:\/\/inteligencialegal.ec\/web\/wp-content\/uploads\/2023\/01\/CV2-3-1.jpg\" alt=\"\" width=\"1903\" height=\"889\" srcset=\"https:\/\/inteligencialegal.ec\/web\/wp-content\/uploads\/2023\/01\/CV2-3-1.jpg 1903w, https:\/\/inteligencialegal.ec\/web\/wp-content\/uploads\/2023\/01\/CV2-3-1-300x140.jpg 300w, https:\/\/inteligencialegal.ec\/web\/wp-content\/uploads\/2023\/01\/CV2-3-1-1024x478.jpg 1024w, https:\/\/inteligencialegal.ec\/web\/wp-content\/uploads\/2023\/01\/CV2-3-1-768x359.jpg 768w, https:\/\/inteligencialegal.ec\/web\/wp-content\/uploads\/2023\/01\/CV2-3-1-1536x718.jpg 1536w, https:\/\/inteligencialegal.ec\/web\/wp-content\/uploads\/2023\/01\/CV2-3-1-228x107.jpg 228w\" sizes=\"auto, (max-width: 1903px) 100vw, 1903px\" \/><\/p>\n<p><strong>1. Formaci\u00f3n Acad\u00e9mica<br \/>\n<\/strong>I) Abogada por la Pontificia Universidad Cat\u00f3lica del Ecuador. Sede Ibarra.<br \/>\nII) Bachiller Superior en Teolog\u00eda. Seminario Teol\u00f3gico Nazareno Sudamericano STNS.<br \/>\nIII) Bachiller en Ciencias Sociales. Unidad Educativa Rep\u00fablica del Ecuador.<\/p>\n<p><strong>2. Experiencia Profesional<br \/>\n<\/strong>I) Inteligencia Legal, Abogada. Litigio en \u00c1rea de Derecho de Familia.<br \/>\nII) Unidad Judicial de Familia, Mujer, Ni\u00f1ez y Adolescencia con sede en el cant\u00f3n Otavalo, provincia de Imbabura. Pasant\u00eda en \u00e1rea de familia.<\/p>\n","protected":false},"excerpt":{"rendered":"<p>1. Formaci\u00f3n Acad\u00e9mica I) Abogada por la Pontificia Universidad Cat\u00f3lica del Ecuador. Sede Ibarra. II) Bachiller Superior en Teolog\u00eda. Seminario Teol\u00f3gico Nazareno Sudamericano STNS. III) Bachiller en Ciencias Sociales. Unidad Educativa Rep\u00fablica del Ecuador. 2. Experiencia Profesional I) Inteligencia Legal, Abogada. Litigio en \u00c1rea de Derecho de Familia. II) Unidad Judicial de Familia, Mujer, Ni\u00f1ez y Adolescencia con sede en el cant\u00f3n Otavalo, provincia de Imbabura. Pasant\u00eda en \u00e1rea de familia.<\/p>\n","protected":false},"author":1,"featured_media":0,"parent":0,"menu_order":0,"comment_status":"closed","ping_status":"closed","template":"","meta":{"footnotes":""},"class_list":["post-3726","page","type-page","status-publish","hentry"],"_links":{"self":[{"href":"https:\/\/inteligencialegal.ec\/web\/wp-json\/wp\/v2\/pages\/3726","targetHints":{"allow":["GET"]}}],"collection":[{"href":"https:\/\/inteligencialegal.ec\/web\/wp-json\/wp\/v2\/pages"}],"about":[{"href":"https:\/\/inteligencialegal.ec\/web\/wp-json\/wp\/v2\/types\/page"}],"author":[{"embeddable":true,"href":"https:\/\/inteligencialegal.ec\/web\/wp-json\/wp\/v2\/users\/1"}],"replies":[{"embeddable":true,"href":"https:\/\/inteligencialegal.ec\/web\/wp-json\/wp\/v2\/comments?post=3726"}],"version-history":[{"count":5,"href":"https:\/\/inteligencialegal.ec\/web\/wp-json\/wp\/v2\/pages\/3726\/revisions"}],"predecessor-version":[{"id":3777,"href":"https:\/\/inteligencialegal.ec\/web\/wp-json\/wp\/v2\/pages\/3726\/revisions\/3777"}],"wp:attachment":[{"href":"https:\/\/inteligencialegal.ec\/web\/wp-json\/wp\/v2\/media?parent=3726"}],"curies":[{"name":"wp","href":"https:\/\/api.w.org\/{rel}","templated":true}]}}

MÓNICA ELIZABETH LÓPEZ PERUGACHI

<p><img loading="lazy" decoding="async" class="alignnone wp-image-3776 size-full" src="https://inteligencialegal.ec/web/wp-content/uploads/2023/01/CV2-3-1.jpg" alt="" width="1903" height="889" srcset="https://inteligencialegal.ec/web/wp-content/uploads/2023/01/CV2-3-1.jpg 1903w, https://inteligencialegal.ec/web/wp-content/uploads/2023/01/CV2-3-1-300x140.jpg 300w, https://inteligencialegal.ec/web/wp-content/uploads/2023/01/CV2-3-1-1024x478.jpg 1024w, https://inteligencialegal.ec/web/wp-content/uploads/2023/01/CV2-3-1-768x359.jpg 768w, https://inteligencialegal.ec/web/wp-content/uploads/2023/01/CV2-3-1-1536x718.jpg 1536w, https://inteligencialegal.ec/web/wp-content/uploads/2023/01/CV2-3-1-228x107.jpg 228w" sizes="auto, (max-width: 1903px) 100vw, 1903px" /></p>
<p><strong>1. Formación Académica<br />
</strong>I) Abogada por la Pontificia Universidad Católica del Ecuador. Sede Ibarra.<br />
II) Bachiller Superior en Teología. Seminario Teológico Nazareno Sudamericano STNS.<br />
III) Bachiller en Ciencias Sociales. Unidad Educativa República del Ecuador.</p>
<p><strong>2. Experiencia Profesional<br />
</strong>I) Inteligencia Legal, Abogada. Litigio en Área de Derecho de Familia.<br />
II) Unidad Judicial de Familia, Mujer, Niñez y Adolescencia con sede en el cantón Otavalo, provincia de Imbabura. Pasantía en área de familia.</p>

<p>1. Formación Académica I) Abogada por la Pontificia Universidad Católica del Ecuador. Sede Ibarra. II) Bachiller Superior en Teología. Seminario Teológico Nazareno Sudamericano STNS. III) Bachiller en Ciencias Sociales. Unidad Educativa República del Ecuador. 2. Experiencia Profesional I) Inteligencia Legal, Abogada. Litigio en Área de Derecho de Familia. II) Unidad Judicial de Familia, Mujer, Niñez y Adolescencia con sede en el cantón Otavalo, provincia de Imbabura. Pasantía en área de familia.</p>
