{"id":3650,"date":"2021-10-20T22:36:50","date_gmt":"2021-10-20T22:36:50","guid":{"rendered":"https:\/\/inteligencialegal.ec\/web\/?page_id=3650"},"modified":"2023-01-17T20:22:32","modified_gmt":"2023-01-17T20:22:32","slug":"mision-y-vision-objetivos","status":"publish","type":"page","link":"https:\/\/inteligencialegal.ec\/web\/mision-y-vision-objetivos\/","title":{"rendered":"Misi\u00f3n y Visi\u00f3n \/ Objetivos"},"content":{"rendered":"<p><strong>MISI\u00d3N Y VISI\u00d3N<\/strong><br \/>\nBrindar servicios jur\u00eddicos especializados, de calidad y con calidez, para hacer que los derechos de los ni\u00f1os, ni\u00f1as y adolescentes sean justiciables.<\/p>\n<p>Procuramos que la justicia llegue a todas las familias que tienen conflictos de esta naturaleza, sin importar la clase social.<\/p>\n<p><strong>SER UN REFERENTE<\/strong><\/p>\n<p>A trav\u00e9s del ejercicio diario de la profesi\u00f3n, logramos, con \u00e9tica y responsabilidad, que los progenitores y\/o dem\u00e1s familiares puedan hacer que se respeten los derechos de los ni\u00f1os, ni\u00f1as y adolescentes mediante procesos judiciales y legales.<\/p>\n<p><strong>FORMAR PROFESIONALES ESPECIALIZADOS<\/strong><br \/>\nA fin de que se pueda replicar la experiencia y los conocimientos adquiridos, para que existamos m\u00e1s gestores que viabilicemos la justicia de familia y ni\u00f1ez, en el Ecuador.<\/p>\n","protected":false},"excerpt":{"rendered":"<p>MISI\u00d3N Y VISI\u00d3N Brindar servicios jur\u00eddicos especializados, de calidad y con calidez, para hacer que los derechos de los ni\u00f1os, ni\u00f1as y adolescentes sean justiciables. Procuramos que la justicia llegue a todas las familias que tienen conflictos de esta naturaleza, sin importar la clase social. SER UN REFERENTE A trav\u00e9s del ejercicio diario de la profesi\u00f3n, logramos, con \u00e9tica y responsabilidad, que los progenitores y\/o dem\u00e1s familiares puedan hacer que se respeten los derechos de los ni\u00f1os, ni\u00f1as y adolescentes&hellip;<\/p>\n","protected":false},"author":1,"featured_media":0,"parent":0,"menu_order":0,"comment_status":"closed","ping_status":"closed","template":"","meta":{"footnotes":""},"class_list":["post-3650","page","type-page","status-publish","hentry"],"_links":{"self":[{"href":"https:\/\/inteligencialegal.ec\/web\/wp-json\/wp\/v2\/pages\/3650","targetHints":{"allow":["GET"]}}],"collection":[{"href":"https:\/\/inteligencialegal.ec\/web\/wp-json\/wp\/v2\/pages"}],"about":[{"href":"https:\/\/inteligencialegal.ec\/web\/wp-json\/wp\/v2\/types\/page"}],"author":[{"embeddable":true,"href":"https:\/\/inteligencialegal.ec\/web\/wp-json\/wp\/v2\/users\/1"}],"replies":[{"embeddable":true,"href":"https:\/\/inteligencialegal.ec\/web\/wp-json\/wp\/v2\/comments?post=3650"}],"version-history":[{"count":2,"href":"https:\/\/inteligencialegal.ec\/web\/wp-json\/wp\/v2\/pages\/3650\/revisions"}],"predecessor-version":[{"id":3755,"href":"https:\/\/inteligencialegal.ec\/web\/wp-json\/wp\/v2\/pages\/3650\/revisions\/3755"}],"wp:attachment":[{"href":"https:\/\/inteligencialegal.ec\/web\/wp-json\/wp\/v2\/media?parent=3650"}],"curies":[{"name":"wp","href":"https:\/\/api.w.org\/{rel}","templated":true}]}}

Misión y Visión / Objetivos

<p><strong>MISIÓN Y VISIÓN</strong><br />
Brindar servicios jurídicos especializados, de calidad y con calidez, para hacer que los derechos de los niños, niñas y adolescentes sean justiciables.</p>
<p>Procuramos que la justicia llegue a todas las familias que tienen conflictos de esta naturaleza, sin importar la clase social.</p>
<p><strong>SER UN REFERENTE</strong></p>
<p>A través del ejercicio diario de la profesión, logramos, con ética y responsabilidad, que los progenitores y/o demás familiares puedan hacer que se respeten los derechos de los niños, niñas y adolescentes mediante procesos judiciales y legales.</p>
<p><strong>FORMAR PROFESIONALES ESPECIALIZADOS</strong><br />
A fin de que se pueda replicar la experiencia y los conocimientos adquiridos, para que existamos más gestores que viabilicemos la justicia de familia y niñez, en el Ecuador.</p>

<p>MISIÓN Y VISIÓN Brindar servicios jurídicos especializados, de calidad y con calidez, para hacer que los derechos de los niños, niñas y adolescentes sean justiciables. Procuramos que la justicia llegue a todas las familias que tienen conflictos de esta naturaleza, sin importar la clase social. SER UN REFERENTE A través del ejercicio diario de la profesión, logramos, con ética y responsabilidad, que los progenitores y/o demás familiares puedan hacer que se respeten los derechos de los niños, niñas y adolescentes&hellip;</p>
